e highest common divisor of 15507 and 72.
9
What is the greatest common factor of 48 and 33951?
3
Calculate the highest common divisor of 1350 and 120850.
50
Calculate the greatest common divisor of 203583 and 1501.
79
Calculate the greatest common divisor of 2357824 and 3724.
532
What is the highest common factor of 6 and 2658?
6
What is the greatest common factor of 253 and 216821?
253
Calculate the greatest common divisor of 98 and 1961078.
98
What is the highest common factor of 384666 and 244?
122
Calculate the highest common factor of 174123 and 702.
27
What is the highest common factor of 6440 and 44896?
184
Calculate the greatest common factor of 734468 and 476.
476
Calculate the greatest common divisor of 4587163 and 434.
217
What is the highest common divisor of 4 and 2259140?
4
What is the greatest common divisor of 4 and 795404?
4
What is the highest common factor of 70813 and 57?
19
What is the highest common factor of 10 and 987170?
10
What is the greatest common factor of 2126343 and 17?
17
What is the greatest common factor of 172 and 54?
2
Calculate the highest common factor of 52208 and 144.
16
Calculate the greatest common divisor of 2150 and 3150.
50
What is the highest common factor of 11156 and 244?
4
What is the greatest common divisor of 224 and 469?
7
Calculate the highest common factor of 519 and 4668924.
519
What is the highest common factor of 56 and 408?
8
What is the highest common factor of 244960 and 48?
16
Calculate the greatest common divisor of 261 and 909.
9
Calculate the highest common divisor of 440 and 247720.
440
What is the highest common factor of 42483 and 147?
147
Calculate the greatest common divisor of 8079 and 39.
3
What is the highest common divisor of 29256 and 53199?
69
Calculate the greatest common divisor of 572 and 27612.
52
What is the highest common divisor of 2 and 175954?
2
What is the highest common factor of 17028 and 2772?
396
Calculate the greatest common factor of 1260 and 136332.
252
Calculate the greatest common factor of 162 and 3407130.
54
What is the highest common factor of 101962 and 224?
14
Calculate the highest common factor of 423172 and 268.
268
What is the highest common divisor of 10 and 27955?
5
Calculate the greatest common divisor of 9287 and 15688.
37
Calculate the highest common factor of 164 and 923361.
41
What is the highest common divisor of 49377 and 327?
327
Calculate the greatest common divisor of 62 and 805969.
31
Calculate the highest common factor of 264 and 1050654.
66
Calculate the greatest common factor of 5204 and 256.
4
What is the highest common factor of 93808 and 429?
143
What is the greatest common factor of 198 and 8822?
22
Calculate the greatest common divisor of 2115 and 33417.
423
What is the highest common factor of 29 and 1266082?
29
Calculate the highest common divisor of 37788 and 335.
67
Calculate the greatest common divisor of 1009830 and 3690.
1230
Calculate the greatest common factor of 16848 and 3536.
208
What is the greatest common divisor of 45 and 336915?
45
Calculate the greatest common divisor of 439 and 61.
1
Calculate the highest common divisor of 21375 and 103125.
375
Calculate the highest common factor of 1466390 and 40.
10
Calculate the greatest common divisor of 1320 and 5346.
66
Calculate the greatest common factor of 2728 and 9031.
11
Calculate the greatest common factor of 1024 and 22144.
128
Calculate the greatest common factor of 14161 and 1241.
17
What is the highest common factor of 4314434 and 118?
118
Calculate the highest common divisor of 630525 and 1925.
175
Calculate the highest common divisor of 37 and 484663.
37
Calculate the greatest common divisor of 4378 and 995.
199
Calculate the greatest common factor of 580709 and 284.
71
Calculate the highest common divisor of 54 and 606.
6
What is the greatest common factor of 805 and 2288615?
805
What is the highest common factor of 2020 and 1460?
20
What is the highest common divisor of 114664 and 616?
88
Calculate the highest common divisor of 41 and 8968709.
41
Calculate the greatest common factor of 2510 and 255518.
502
What is the greatest common divisor of 35488 and 672?
32
Calculate the greatest common divisor of 25259 and 2639.
377
What is the greatest common factor of 1368 and 65854?
38
What is the highest common divisor of 3965 and 60905?
65
What is the highest common divisor of 218250 and 684?
18
Calculate the greatest common factor of 4 and 1166.
2
Calculate the greatest common divisor of 45 and 1910.
5
Calculate the highest common factor of 1156 and 160.
4
What is the greatest common factor of 405 and 98955?
135
What is the highest common factor of 3760 and 36895?
235
Calculate the highest common factor of 276 and 11086.
46
Calculate the highest common factor of 126846 and 10614.
174
What is the highest common divisor of 3381 and 19481?
161
Calculate the greatest common factor of 4165 and 1323.
49
Calculate the greatest common factor of 436 and 9810.
218
What is the highest common divisor of 180 and 2955?
15
What is the highest common factor of 35 and 561155?
35
Calculate the highest common factor of 14 and 273434.
14
What is the greatest common factor of 8 and 383648?
8
Calculate the highest common factor of 40075 and 1400.
175
What is the highest common divisor of 213154 and 394?
394
What is the highest common factor of 15190 and 2345?
35
Calculate the highest common factor of 1876 and 624440.
268
What is the greatest common factor of 834 and 5188314?
834
Calculate the greatest common factor of 26 and 84734.
26
Calculate the highest common divisor of 62461 and 126.
7
What is the highest common divisor of 143 and 3256?
11
Calculate the highest common factor of 318 and 98103.
159
What is the highest common factor of 264594 and 242?
22
Calculate the highest common factor of 72 and 21040.
8
Calculate the greatest common factor of 33567 and 501.
501
Calculate the highest common divisor of 304 and 1445672.
152
Calculate the highest common factor of 167520 and 40.
40
Calculate the highest common divisor of 208 and 45656.
104
What is the greatest common factor of 13221 and 1521?
117
Calculate the highest common factor of 12490 and 680.
10
Calculate the greatest common divisor of 1426 and 1493735.
713
Calculate the greatest common factor of 1159 and 8052.
61
Calculate the highest common factor of 57096 and 208.
104
Calculate the highest common divisor of 86345 and 70.
35
Calculate the highest common divisor of 16864 and 187.
17
What is the highest common factor of 625 and 55875?
125
Calculate the highest common factor of 999 and 1328781.
111
Calculate the highest common divisor of 248 and 3626628.
124
What is the highest common divisor of 31702 and 5566?
242
What is the greatest common divisor of 598162 and 74460?
2482
Calculate the highest common divisor of 436 and 1342662.
218
What is the highest common divisor of 522 and 2007?
9
What is the greatest common divisor of 84 and 272556?
12
What is the greatest common divisor of 4394 and 202?
2
What is the greatest common factor of 265 and 866815?
265
Calculate the highest common factor of 32379 and 1075.
43
Calculate the highest common divisor of 90396 and 126108.
1116
Calculate the highest common factor of 102 and 192746.
34
What is the greatest common factor of 122910 and 510?
510
What is the highest common divisor of 347798 and 704?
22
Calculate the greatest common factor of 1380 and 5730.
30
What is the highest common divisor of 60736 and 21632?
832
Calculate the greatest common divisor of 57 and 150822.
57
Calculate the highest common factor of 305082 and 3978.
306
What is the greatest common factor of 19 and 132677?
19
Calculate the highest common divisor of 1212 and 1404102.
606
What is the highest common factor of 150296 and 200?
8
Calculate the greatest common factor of 1242668 and 84.
28
What is the greatest common factor of 198892 and 76?
76
Calculate the greatest common divisor of 457006 and 22.
22
Calculate the highest common divisor of 44191 and 29960.
749
Calculate the greatest common divisor of 75 and 180275.
25
What is the greatest common factor of 926456 and 8?
8
Calculate the greatest common divisor of 35500 and 852.
284
Calculate the greatest common divisor of 49073 and 31.
31
Calculate t